r when a is divided by ((-4)/5)/(3/(-15))?
1
Let t be (-129)/(-2)*(2 + 0)*4. Suppose 13*d = d + t. Calculate the remainder when 84 is divided by d.
41
Let o = -42 - -60. What is the remainder when 119 is divided by o?
11
Suppose -n + 18 - 3 = 4*v, 0 = 5*v - 5*n - 25. Let w(t) = 2*t + t**3 - 4*t**2 - 3 - 4 + 3. What is the remainder when 15 is divided by w(v)?
3
Suppose -985 = -5*h - 3*v, -3*h - 3*v + 400 = -185. Let r = h + -97. Calculate the remainder when r is divided by 35.
33
Let j = -14 + 31. Let x(d) = -2*d + 2. Let b be x(0). Suppose 3*g + 15 = 0, 2*g + 7 = -b*s - g. Calculate the remainder when j is divided by s.
1
Let x = -246 + 372. Let n = -89 + x. Let b = n - 15. Calculate the remainder when 64 is divided by b.
20
Let v = 56 + -38. Suppose -2*l + 58 = -2*r, 2*r - 95 = -2*l - 17. Calculate the remainder when l is divided by v.
16
Suppose 7*u = 26*u - 380. What is the remainder when 49 is divided by (348/u)/1 + 6/10?
13
Let b(p) = p**2 - 14*p + 42. Let l(j) = -j**3 + 7*j**2 - 3*j - 6. Let i be l(6). What is the remainder when b(i) is divided by 10?
8
Let q(b) = -b**3 - b**2 + 40. Let u be q(0). Suppose -u = -6*l + 134. Calculate the remainder when l is divided by 20*(3/4 - 0).
14
Suppose 0 = -7*f + 25 - 4. Suppose -2*t + 113 = 3*t + 4*s, f*t = 3*s + 57. What is the remainder when 81 is divided by t?
18
Let k(y) = 324 - 2*y - 319 + 4*y. Suppose -2*i = -5*w - 0*w - 14, -i + 2*w = -8. What is the remainder when k(20) is divided by i?
9
Let h be 80/(-32)*(-2 - 0). Let a(s) = 3*s - 2. Let w(i) = i**2 - i + 6. What is the remainder when w(7) is divided by a(h)?
9
Let f be (-1)/(-2)*(0/(-2) - -14). Suppose 0*r = f*r - 63. Calculate the remainder when 27 is divided by r.
0
Let v = 824 - 808. Calculate the remainder when 41 is divided by v.
9
Let t(a) = -4*a - 14. Let p(g) = -g**2 + 8*g - 5. Let r be p(7). Suppose -28 = -r*n - 2. What is the remainder when t(-13) is divided by n?
12
Suppose 10*v = 11*v - 22. Suppose -6*x + 2*x - 2*i = -264, 3*x + 4*i - 208 = 0. What is the remainder when x is divided by v?
20
Suppose -287 + 311 = 2*r. Calculate the remainder when 52 is divided by r.
4
Let l(v) = -v**2 - 5*v + 3. Let x be l(-4). Let p(t) = -t**3 + 6*t**2 + t - 4. Calculate the remainder when (3 + -2)/(x/35) is divided by p(6).
1
Suppose -63*j + 27977 = 5171. Calculate the remainder when j is divided by 11.
10
Suppose 100*g - 93*g = 140. What is the remainder when 377 is divided by g?
17
Let s(h) = -h**2 + 26*h - 102. What is the remainder when 134 is divided by s(20)?
8
Let i(u) = -2*u - 3. Let y be i(-3). Suppose -2*v + 33 = -0*v + y*p, -3*p + 6 = -v. Suppose -10*b + 3*b + 175 = 0. What is the remainder when b is divided by v?
7
Let i(y) = 3*y**2 + 23*y - 50. Calculate the remainder when 367 is divided by i(2).
7
Let l be 2*3*3/6. Calculate the remainder when (3 - -3)*37/l is divided by (-12)/(-8)*(-38)/(-3).
17
What is the remainder when 68 is divided by ((-42)/(-9))/(130/15 + -8)?
5
Let t = -83 + 86. Calculate the remainder when 49 is divided by (60/35)/(t - 122/42).
13
Let h(u) be the third derivative of 10*u**2 + 4/3*u**3 + 0*u + 0 + 2/3*u**4 + 1/30*u**5. Calculate the remainder when 22 is divided by h(-8).
6
Let x = -68 + -24. Let p be -3 + -42 + 0 + 4. Let o = p - x. Calculate the remainder when o is divided by 18.
15
Calculate the remainder when 1374 is divided by 4/6 - (1884/(-36) + -2).
54
What is the remainder when (-2)/(7/21 - (-70)/(-174)) is divided by 6?
5
Let y = 420 + -314. Calculate the remainder when y is divided by 11.
7
Let j = 380 - 368. Let k = -58 + 91. Calculate the remainder when k is divided by j.
9
Suppose 0 = -4*n - 4*t + 92, 5 = 6*t - t. Calculate the remainder when 39 is divided by n.
17
Let g = -13609 - -13615. Let u be (8 - (2 - 1)) + 1. Suppose u = l - 13. What is the remainder when l is divided by g?
3
Let w(l) = 5*l - 114. What is the remainder when w(33) is divided by 33/(-2)*(-1 + 2/6)?
7
Suppose 0 = 96*u - 34*u - 7998. Calculate the remainder when u is divided by 47.
35
Let q = -35 - -58. Calculate the remainder when 91 is divided by q.
22
Let p(d) = -7*d - 2. Suppose 0 = a - 5, 0 = 4*s - a - 2*a - 5. Calculate the remainder when p(-3) is divided by s.
4
Suppose -u = -9*t + 5*t - 3, -3*u + 18 = -3*t. Calculate the remainder when 93 is divided by 1/(-1)*(-17 - u).
21
Suppose -4*p + 385 = p. Calculate the remainder when p is divided by 21 - ((-6)/1)/(-2) - 8.
7
Let h = 3 - -6. Let t(y) = 5*y + 271. What is the remainder when t(-46) is divided by h?
5
Let t = -1483 - -1558. Calculate the remainder when t is divided by 23.
6
Suppose -x - 20 = 5*b, 2*x - b = 3*x + 12. Calculate the remainder when (-564)/(-30) + 8/x is divided by 7.
4
Let g(s) = s**3 - 5*s**2 - 8*s + 6. Let v be g(6). Let x(f) = -19*f + 3. What is the remainder when x(v) is divided by 24?
21
What is the remainder when (0 + 18)/(450/(-80) + 6) is divided by 34?
14
Suppose -79 = 8*s - 263. Calculate the remainder when s is divided by 8.
7
Suppose 28*j = 783 - 83. What is the remainder when 140 is divided by j?
15
Let z = 336 + -293. Calculate the remainder when z is divided by -1 - -16 - 0/2.
13
Let m be 1 + 25 + (1 - 1). Let v(j) = j**3 - 2*j**2 + 7. Let q be v(0). Let x = m - q. Calculate the remainder when x is divided by 11.
8
Let r(h) = 4 + 569*h - 570*h + 5*h**2 - 2*h**2. What is the remainder when 25 is divided by r(2)?
11
Let w = -323 + 358. Calculate the remainder when 54 is divided by w.
19
Calculate the remainder when (-441)/2*(2 + 16/(-6)) is divided by 52.
43
Suppose 0*z = 7*z - 105. Suppose -w - 91 = -31. Let f = 87 + w. What is the remainder when f is divided by z?
12
Suppose -6*c + 293 = 119. Calculate the remainder when c is divided by 12.
5
Suppose 0 = 5*r - 13 - 2. Suppose 3*a + 2*m = -2*m + 71, -4*a + 103 = -r*m. What is the remainder when a is divided by 10?
5
Suppose y - 7*i - 5 = -2*i, 5*i + 65 = 5*y. Suppose -v + 5*d - 127 = v, -148 = 2*v + 2*d. Let q = 130 + v. Calculate the remainder when q is divided by y.
14
Suppose 0 = 3*k + 4*h + 60, k + 4*h + 9 + 11 = 0. Suppose 0 = 5*r, 4*o - 2*r - 2*r = 100. Let l = k + o. Calculate the remainder when 8 is divided by l.
3
Let f(y) = 3*y - 26. What is the remainder when (4 - -83)*1/3 is divided by f(12)?
9
Calculate the remainder when (-2*(-33)/(-22))/((-6)/412) is divided by 24.
14
Let q(o) = -16*o - 393. What is the remainder when 588 is divided by q(-32)?
112
Let a(q) be the second derivative of 5*q**4/12 - q**2/2 - q. Let j be a(-1). Calculate the remainder when 40 is divided by 0 - (4 + -19) - j.
7
Suppose -4*s = -364 + 328. What is the remainder when s is divided by 4/(-14) + 90/21?
1
Let k = 327 + -266. What is the remainder when k is divided by 17?
10
Suppose -2*o = -3*o + 33. Let r be -1 + -2 - o/(-3). What is the remainder when 58 is divided by 158/r + (-6)/(-24)?
18
Suppose 9 = 6*t - 3. Suppose 2*s = -2*u + 4*s + 90, 0 = -u + t*s + 44. What is the remainder when u is divided by 13?
7
Let g = 345 - 313. Calculate the remainder when 97 is divided by g.
1
What is the remainder when (-45)/120 + -3*41/(-8) is divided by 9?
6
Suppose 7*o = 251 - 139. Calculate the remainder when 74 is divided by o.
10
Let c(p) = p - 14. Let y be c(-7). Let w = -20 - y. Calculate the remainder when (0 - -4)*6/8 is divided by w.
0
Suppose g + g - 26 = -5*a, 3*g - a = 5. Suppose -36 = -2*x + y + 3, 2*x = -5*y + 33. Suppose -46 = -g*w - x. What is the remainder when 17 is divided by w?
8
Let u(g) = 285*g**3 + 6*g**2 - 4*g. Calculate the remainder when u(1) is divided by 17.
15
What is the remainder when 31 is divided by (-18)/3 + (29 - 11)?
7
Let t = -3 + 11. Let n = 34 + -37. What is the remainder when t is divided by (3 + -3 + n)/(-1)?
2
Suppose 3*w - 2*w = -2. Let l(f) = 3*f**2 + f + 2. What is the remainder when 45 is divided by l(w)?
9
Calculate the remainder when (80/32)/(5/166) is divided by 50.
33
Suppose -326*j + 339*j = 663. Calculate the remainder when 145 is divided by j.
43
Let a(i) = i**2 + 9*i + 6. Suppose -4*v = -l - 2 + 37, -4*v = 4*l + 40. Calculate the remainder when a(v) is divided by 4.
2
Let a(w) = -w - 14. Let n be (-121)/7 - (-20)/70. What is the remainder when 6 is divided by a(n)?
0
Let o be 22/6 - 3/(-9). Suppose 29*n = 35*n + 240. Calculate the remainder when (-3)/